 4350 + p = 5*v. Is v a prime number?
False
Suppose 4*d - 277 = -37. Suppose -55*l - 37095 = -d*l. Is l a composite number?
True
Suppose -230374 = -15*v + 14*v - x, 2*v - 460758 = -4*x. Is v a composite number?
False
Suppose 128*j - 131*j = -5*b - 2481544, 2*j + 2*b = 1654368. Is j composite?
True
Suppose -4*j - 22 = 3*w - 71, 2*w = -5*j + 63. Suppose j*t - 16914 = 7*t. Is t a composite number?
False
Let c(s) = 3*s**2 + 38*s + 1. Let x be c(9). Let d be -2 - -3 - (2 + -5). Suppose i + d*n - x = 0, n = -n. Is i a prime number?
False
Let w(o) = 118*o**2 - 10*o + 17. Suppose 6*a - 80 = -50. Is w(a) prime?
True
Suppose 1 = -3*z - 0*q + 2*q, -5*z + q = 11. Let r be 2 + 9/z + (3 - 0). Suppose -r*b = 170 - 568. Is b composite?
False
Let z(g) = 149 + 800*g - 73*g - 31. Is z(7) a composite number?
True
Let a = 48 - 48. Let l = a - 14. Let u(g) = -15*g - 31. Is u(l) a composite number?
False
Suppose -3*o + 69*o - 23724105 + 6726399 = 0. Is o a composite number?
True
Is ((-104086171)/(-436))/(21/12) a prime number?
True
Let o(h) = -h**3 - 12*h**2 - 10*h - 1. Let p be o(-5). Is 7*6/p*-6159 a prime number?
True
Let h(a) = 7*a**2 - 10*a - 9. Let n be h(-6). Let v = 432 + -612. Let w = v + n. Is w a composite number?
True
Suppose -k = -4*u + 3242 + 1697, 0 = 3*u - 5*k - 3717. Let d = u - 237. Is d a composite number?
False
Suppose -49*q + 228396 = -42*q. Suppose 4*k + f - 65221 = 4*f, 2*k = -2*f + q. Is k composite?
True
Let c(w) = 12*w - 5*w**3 + w**3 - 5*w**3 - 28 + 53 + 2*w**2. Is c(-6) a composite number?
True
Let v(p) = -217*p**3 - p**2 - 7*p - 13. Suppose -289 + 291 = -d. Is v(d) a prime number?
True
Suppose 0 = -39*k - 203 + 8. Is 1867/((-2)/(3 + k)) composite?
False
Let x(p) = -p**2 + 8*p + 17. Let z be x(11). Let j be 674 + 1 + z/4. Suppose 4*c - 2*h = 894, c + 2*c - 2*h - j = 0. Is c a prime number?
True
Suppose 16*m - 11 - 53 = 0. Suppose 16495 = 3*x - m*p, 38*x - p + 5503 = 39*x. Is x a composite number?
False
Suppose 0 = f + 5*n - 137399, 340*f - 3*n = 337*f + 412305. Is f a prime number?
False
Suppose 3*y - 11 = -5*r + 18, -15 = -5*y. Let h be -2 + r + 6/3. Suppose 0 = h*z - z - 2742. Is z prime?
False
Is (10/(-6))/((-325)/3406065) a composite number?
False
Suppose -q + a + 8202 = 323, 0 = -5*q - 4*a + 39341. Is q a prime number?
True
Suppose 3*o - 6*b + 20756 = 5*o, 5*o - 4*b = 51985. Is o a prime number?
False
Let h be (-8)/28 - (-2)/7. Suppose -2*x - 14 = -5*l, h*l - 2*l + 8 = 0. Is (x - -796)*1 + -3 + 1 a prime number?
True
Suppose -9356 - 2986 = -6*n. Suppose -p - 3142 = -5*j, 2*p = -5*j + 1094 + n. Is j a composite number?
True
Suppose 5*s = -y - 182, -5*s - 136 = -y + 42. Let v be (s/5)/(-1) + (-6)/30. Let r(j) = 8*j**2 - 4*j - 5. Is r(v) a prime number?
True
Suppose 560*g = 9705460 - 1681773 + 18396553. Is g a prime number?
False
Let q = -32 - -35. Suppose r - 48 = q*r. Let f = r + 911. Is f composite?
False
Let n be (-90582)/124*(-4)/(-6). Suppose 2*c + 3*c + 1120 = 0. Let r = c - n. Is r a prime number?
True
Let v = 759 - 69. Let f = 1325 - v. Is f a prime number?
False
Suppose -4*h - 336058 = -2*j, -5*j - 4*h = -j - 672188. Is j prime?
False
Let l = 29 - 22. Let c = 9 - l. Suppose -2*o - 15 = o, 0 = -3*k + c*o + 871. Is k a composite number?
True
Let b be (12/10)/(4/10). Suppose -4*n + 1007 = 3*c, -c - b*n = 2*n - 343. Suppose -c = -3*r + 2388. Is r composite?
False
Suppose -1483575 = -64*g + 2926217. Is g prime?
True
Let p(i) = i - 3*i**2 - 4*i**3 + 2 - 11*i**3 - 4 + 18*i**3. Let w be p(3). Suppose -3*q - q - 277 = -5*j, -j = -q - w. Is j a composite number?
True
Suppose -4*u - 21 = h, -4*h + 23 = -2*u - 7*h. Is 12/(-60) + u*34123/(-10) a prime number?
True
Let p be 1*(0 + 0) + -960. Suppose -d - 2*b = -2097, -16*d + 18*d = 3*b + 4194. Let c = d + p. Is c composite?
True
Let f = -327680 - -818523. Is f composite?
True
Suppose -4*d - 8585 = -4*j - 7*d, 3*j + d = 6435. Let y = j + -745. Is y prime?
True
Let b(z) = 3491*z**2 + 34*z + 62. Is b(-3) a prime number?
True
Let u(g) be the second derivative of -g**4/12 + g**3/6 - g. Let c be u(2). Is 11/(c + (-94)/(-46)) a composite number?
True
Let k(j) = -3*j - 2. Let a(l) = 19*l + 169. Let m(o) = a(o) + k(o). Is m(20) prime?
True
Suppose 72 = 2*r - m, -5*r + 3*m = -10*r + 202. Suppose -2*b + r = 5*l, 5*l - 10 - 12 = 2*b. Is (2/l - 3056/(-6))*3 a composite number?
True
Suppose 0 = -12*o + 25*o - 7631. Suppose 228 + o = 3*l + 4*v, -2*l + 532 = -3*v. Is l a prime number?
True
Let b(p) = 5*p + 207. Let d be b(0). Suppose -d = -5*c + 2*c. Is c a prime number?
False
Let j be ((100944/10)/3)/((-6)/20). Let r = j + 19113. Is r a composite number?
True
Is (-1)/(-3) + 311508/(-27)*-44 a composite number?
True
Let l be (-4 + 38946/12)/((-3)/4). Let s = 6527 + l. Let g = -1460 + s. Is g a prime number?
False
Let l(j) = 283*j**3 - 5*j**2 + 5*j - 2. Is l(3) a prime number?
False
Let q = -93128 - -183079. Is q a prime number?
False
Let a(u) = u**3 - 95*u**2 - 114*u + 1286. Let l be a(96). Let j(m) = -49*m**2 - 2*m + 3. Let q be j(4). Let d = l - q. Is d a composite number?
False
Let u(g) = 13455*g - 1423. Is u(14) prime?
True
Is 2/(-7)*(-31 + 1043942/(-29)) composite?
True
Is (-40353 + 7)/((2/(-5))/((-1)/(-5))) composite?
False
Suppose 0 = -3*s + 6, 5*v - 5*s - 2 = 48. Is (111803/(-138))/((-2)/v) a prime number?
True
Suppose 4*v + 5 = 5*y - 55, -4*y + 37 = -v. Suppose 5*d - y*d + 2*g + 16691 = 0, -4*g + 20 = 0. Is d a prime number?
False
Suppose 29*h = -34*h + 132237. Let f(t) = -229*t + 2. Let q be f(-4). Let k = h + q. Is k a prime number?
False
Let p(m) = 15 + 44*m**2 - 19*m + m + 22 - 9*m**2. Is p(12) prime?
True
Let q = -123013 + 58233. Let k be 2/(-9) + q/9. Is 2*k/(-4) + -4 + 0 a composite number?
True
Suppose -2464 = -26*x + 630. Is 1 + (-51438)/(-7) + (-34)/x a composite number?
False
Let p be (-5)/(-2) + -1 + (-1)/(-2). Suppose 4*z + y - 8107 = 0, -y - 15 = p*y. Suppose -z = -5*n + 6607. Is n prime?
False
Let c = -158239 - -264498. Is c a composite number?
True
Let u be 3*(-24)/36 + (-1 - -5). Is u/4*(58153 - (7 - 8)) composite?
False
Let u be (-16)/6*(-128457)/28. Suppose 5*h - u = j, -5*h = -2*j + 802 - 13035. Is h prime?
True
Let q(z) = -11155*z**3 + 11*z**2 + 21*z - 10. Is q(-3) composite?
False
Let r(b) = b**3 - 4*b**2 - 8*b + 4. Let f(n) = 2*n**3 + 29*n**2 + 9*n - 1. Let c be f(-14). Suppose 4*v = -c + 105. Is r(v) prime?
True
Suppose -2*x + 30 - 12 = 0. Let q(w) = 4*w**2 + 8*w**2 - 5*w**2 + 11*w + x. Is q(11) prime?
True
Let n(y) = 14*y**2 - 10*y + 15. Let c be 36/4*(-1)/(-3) + 16. Suppose 0 = 2*d - c + 5. Is n(d) a composite number?
False
Is (-81758)/6*(-21)/35*5 a prime number?
True
Is (1 + 1/(-2))/((63/3880198)/9) a composite number?
False
Let n(r) = 6*r + 35. Let u be n(-5). Suppose 3*a - 20047 = u*w - 0*w, -3*a = 4*w - 20029. Is a a composite number?
False
Let s(b) = -12*b**3 - 12*b**2 + 2*b - 23. Let a(o) = 23*o**3 + 23*o**2 - 3*o + 46. Let z(j) = 4*a(j) + 7*s(j). Is z(10) prime?
False
Let a(t) = -24006*t + 2995. Is a(-6) a composite number?
False
Let r be (-3268034)/(-7) + -6 + -1 + 5. Suppose 25 = 2*i + 23, -5*d = -5*i - r. Is d a prime number?
False
Let r = 1875292 - 1030295. Is r composite?
True
Let w = 188131 - 124394. Is w composite?
False
Let u(v) = -1659*v - 2. Suppose t - 3*k - 23 = 0, 4*t - 4*k = 2*t + 38. Suppose 4*c - 8 = 3*n, 6*c - 25 = t*c + 5*n. Is u(c) a composite number?
False
Let s be (1 - -1) + 11/((-110)/50). Is (-50644)/(-48) - s/(-36) prime?
False
Let o = -24 - -26. Suppose 2*t = -t + o*i + 13, 16 = 4*i. Suppose -8*a + t*a - 3*m + 1000 = 0, -2*m - 1960 = -2*a. Is a composite?
True
Suppose -338 - 130 = -z - 4*f, 0 = -4*z + 4*f + 1972. Suppose -4*u = -8, 0 = 3*w + 3*u - z - 637. Is w prime?
True
Suppose 0 = 6*s + 2*s - 5*s. Suppose s = 8*c - 3487 + 327. Is c prime?
False
Suppose -42*p = -43*p. Suppose 5*d - 3*b - 1427 - 1233 = 0, 4*d + 5*b - 2165 = p. Suppose -5*x + 2400 + d = 0. Is x a composite number?
False
Is (44/121)/(4/13090814) composite?
True
Let l = 29 + -24. Let f be (-23)/(-5) + 2/l. Suppose 1406 - 451 = f*a. Is a a prime number?
True
Let b(s) = -2*s**3 - 5*s**2 + 9*s - 2. Let g be b(5). Let w = -99 - g. Is w prime?
True
Let z = -34977 + 68188. Is z a composite number?
False
Suppose -x + 4*h + 6 + 5 = 0, 4*h + 8 = 0. Suppose x = 3*a - 18. Suppose